+ -1?
874
In base 7, what is -203 + -2?
-205
In base 2, what is -110001001010 + -11?
-110001001101
In base 4, what is -3 - -103?
100
In base 11, what is 10 + -82?
-72
In base 16, what is -3 + -67?
-6a
In base 4, what is 1 + -20300?
-20233
In base 9, what is 2 - -878?
881
In base 15, what is -ee0 - -2?
-edd
In base 2, what is -11010 + -11011?
-110101
In base 10, what is -55 - 16?
-71
In base 2, what is 1000000 - 1?
111111
In base 13, what is 17b + -10?
16b
In base 2, what is -110001010 + -11?
-110001101
In base 8, what is 541 - 1?
540
In base 13, what is 4 + 119?
120
In base 13, what is -27b - 3?
-281
In base 7, what is -5 + 163?
155
In base 14, what is -3a5 + -1?
-3a6
In base 8, what is -3 + 34?
31
In base 5, what is 204 + -32?
122
In base 9, what is 4814 + 5?
4820
In base 4, what is 20223 - 1?
20222
In base 12, what is -127 - -19?
-10a
In base 2, what is 100101 - -1111011?
10100000
In base 4, what is -20 + 10320?
10300
In base 11, what is -98 - 3?
-a0
In base 13, what is -24 + 6?
-1b
In base 3, what is 2121 - -1111?
11002
In base 5, what is 1110 - -32?
1142
In base 13, what is 1 - 376?
-375
In base 3, what is -2122 + -2?
-2201
In base 16, what is 3 - -22?
25
In base 2, what is 11000010 - 101?
10111101
In base 5, what is -10 + -1440?
-2000
In base 14, what is -48 + 21?
-27
In base 14, what is -1 + b9?
b8
In base 9, what is 5 + 4?
10
In base 16, what is -4 + a6?
a2
In base 5, what is 340 - 32?
303
In base 5, what is 204 - -201?
410
In base 2, what is -11 + -100100000010?
-100100000101
In base 14, what is -6 + -42b?
-433
In base 9, what is 3 + 45?
48
In base 7, what is -16 + -44?
-63
In base 12, what is 9 - 20?
-13
In base 11, what is -124 - -1?
-123
In base 2, what is 0 + -11110110001?
-11110110001
In base 11, what is -2784 - -1?
-2783
In base 13, what is 2 + 99?
9b
In base 4, what is 21302 + -10?
21232
In base 8, what is 1 + 526?
527
In base 14, what is -a - 1a?
-26
In base 5, what is 1 + -13001?
-13000
In base 5, what is -2 + 30041?
30034
In base 16, what is 24 + 4?
28
In base 2, what is 1001010 + -1?
1001001
In base 13, what is 187 - -3?
18a
In base 12, what is 3 + -129?
-126
In base 3, what is 122021110 - 2?
122021101
In base 7, what is 13 + 35?
51
In base 7, what is -24 - 551?
-605
In base 11, what is 131 + 11?
142
In base 14, what is 2b0 + -2?
2ac
In base 14, what is -31a + -5?
-321
In base 13, what is -99 - 5?
-a1
In base 3, what is 0 + -222200?
-222200
In base 9, what is 43 + 2?
45
In base 10, what is -2 + -23?
-25
In base 3, what is 0 - 100202?
-100202
In base 4, what is 32311 - 2?
32303
In base 14, what is -2 - 1a?
-1c
In base 14, what is -13 + 10?
-3
In base 2, what is 1001 + -10110?
-1101
In base 5, what is 0 + -22?
-22
In base 15, what is -63c - -5?
-637
In base 12, what is 4 + 3?
7
In base 3, what is -112220 - 2?
-112222
In base 10, what is -8976 - -4?
-8972
In base 9, what is -4 - -66?
62
In base 16, what is -7b + -3?
-7e
In base 4, what is -112 + 23?
-23
In base 5, what is -11 + -14214?
-14230
In base 15, what is 6e8 - -3?
6eb
In base 13, what is -36 + 79?
43
In base 3, what is 11 + 12002?
12020
In base 10, what is 83 + -2?
81
In base 7, what is 141 + 14?
155
In base 3, what is 1 - 1122?
-1121
In base 9, what is 22 - -7?
30
In base 9, what is 1 - 20?
-18
In base 3, what is 210222 - 0?
210222
In base 7, what is -164 - 0?
-164
In base 11, what is -15 - -20?
6
In base 12, what is 64 + -19?
47
In base 8, what is 12 - -30?
42
In base 14, what is -352 - -2?
-350
In base 7, what is 451 + 0?
451
In base 8, what is 2275 + -4?
2271
In base 16, what is 2 + 3b8?
3ba
In base 14, what is b4 - -3?
b7
In base 4, what is -32 + -32123?
-32221
In base 8, what is 5 - 753?
-746
In base 2, what is -11000001110 - 1?
-11000001111
In base 14, what is 172 - 4?
16c
In base 14, what is -53 - -10?
-43
In base 15, what is -756 + 1?
-755
In base 12, what is -5 + -3700?
-3705
In base 12, what is -3 + -5?
-8
In base 6, what is -55342 + 1?
-55341
In base 13, what is -65 - -3?
-62
In base 2, what is 11 - -111011101?
111100000
In base 15, what is -d - -1a?
c
In base 12, what is 6 - -1?
7
In base 2, what is 10110 - -11100?
110010
In base 15, what is -6 + 22?
1b
In base 12, what is -293 + 6?
-289
In base 9, what is -582 + 4?
-577
In base 12, what is 3 + -25?
-22
In base 6, what is 51 - 2?
45
In base 15, what is 3 - -78?
7b
In base 5, what is -1120 + 110?
-1010
In base 15, what is -34 - 1ee?
-233
In base 16, what is c + -5?
7
In base 6, what is -3 + 2112?
2105
In base 11, what is 4 - 1?
3
In base 5, what is -42 - 3413?
-4010
In base 16, what is -e + 60?
52
In base 10, what is -463 + -41?
-504
In base 11, what is -15 + -4?
-19
In base 15, what is -21dc - -4?
-21d8
In base 5, what is -13 - 41?
-104
In base 8, what is 10 - -102?
112
In base 12, what is 1126b - 2?
11269
In base 14, what is 2b - 30?
-3
In base 8, what is 2 - 1523?
-1521
In base 4, what is -10232303 - -11?
-10232232
In base 7, what is -1 - 2261?
-2262
In base 8, what is 2315 + 2?
2317
In base 13, what is -2ac - 0?
-2ac
In base 4, what is 301 + -1031?
-130
In base 3, what is -22220 - -12?
-22201
In base 8, what is 346 - -51?
417
In base 16, what is -ab + -12?
-bd
In base 14, what is -31 - 1?
-32
In base 9, what is -3526 + -5?
-3532
In base 10, what is -996 - 3?
-999
In base 11, what is 24 + -266?
-242
In base 4, what is -10300 + -12?
-10312
In base 14, what is 12 + 50?
62
In base 16, what is -1 - db?
-dc
In base 9, what is 4 + 404?
408
In base 9, what is -1 - 208?
-210
In base 4, what is -23 - 1000?
-1023
In base 7, what is -6 - -42?
33
In base 5, what is 1 + -2004?
-2003
In base 13, what is 3 - 186?
-183
In base 8, what is -236 - 4?
-242
In base 15, what is -5 - -a?
5
In base 4, what is 0 + 22111?
22111
In base 13, what is 4 - -29?
30
In base 7, what is -1451 + -2?
-1453
In base 2, what is 101 - -1?
110
In base 8, what is 5 + 35?
42
In base 11, what is 16 + -267?
-251
In base 15, what is -68d - -b?
-682
In base 5, what is -41204 - 11?
-41220
In base 7, what is -255 + 0?
-255
In base 13, what is 23 - 6b?
-48
In base 9, what is -16415 - -3?
-16412
In base 8, what is -601 - 0?
-601
In base 13, what is 58 + 52?
aa
In base 9, what is 47 - 171?
-123
In base 15, what is -3 + a?
7
In base 9, what is -10 - 210?
-220
In base 16, what is -fdd + 5?
-fd8
In base 4, what is -10 + 103?
33
In base 13, what is -13 - -3?
-10
In base 3, what is -2110 - 1021?
-10201
In base 11, what is -1683 + 2?
-1681
In base 4, what is 10 - 1311?
-1301
In base 5, what is 234 + -4?
230
In base 12, what is 1901 - 5?
18b8
In base 16, what is -206 - 1?
-207
In base 15, what is 4 + -1e?
-1a
In base 14, what is -1d - -18?
-5
In base 14, what is -1276 + 3?
-1273
In base 3, what is -21 - -1010122?
1010101
In base 11, what is 4 + -90?
-87
In base 14, what is -b - -1aa?
19d
In base 12, what is 1307 - 4?
1303
In base 13, what is 3 - b1?
-ab
In base 6, what is -5 - 103?
-112
In base 8, what is 5424 - 14?
5410
In base 16, what is 1a + -4?
16
In base 7, what is 543 + -4?
536
In base 11, what is 439 + -4?
435
In base 8, what is 123 + 343?
466
In base 12, what is -98 - -12?
-86
In base 5, what is -1232 + -4?
-1241
In base 11, what is 41 + -4?
38
In base 10, what is 294 + -24?
270
In base 14, what is -5 - 100?
-105
In base 8, what is 226 + -6?
220
In base 8, what is 1732 + -3?
1727
In base 7, what is 235 + 1?
236
In base 11, what is -558 - -14?
-544
In base 12, what is 4 - 8?
-4
In base 8, what is -1 - 31?
-32
In base 8, what is -1 - -402?
401
In base 12, what is -587 - -3?
-584
In base 15, what is -147 + 5?
-142
In base 5, what is -1 - -11430?
11424
In base 2, what is -1001011111 + -1010?
-1001101001
In base 10, what is 0 + -136?
-136
In base 2, what is -1001100110111 + 101?
-1001100110010
In base 16, what is 7 + -11?
-a
In base 16, what is 174 + -3?
171
In base 7, what is 16 + 5?
24
In base 9, what is 11 - -751?
762
In base 5, what is -342 - 4?
-401
In base 7, what is -1 - 3032?
-3033
In base 11, what is -126 - -2?
-124
In base 3, what is -2222 - 12?
-10011
In base 9, what is 1 + 2044?
2045
In base 13, what is -69 - 3?
-6c
In base 13, what is -12 + -283?
-295
In base 10, what is -7 - -48?
41
In base 12, what is 3 - -49?
50
In base 3, what is 11201100 + 11?
11201111
In base 10, what is 2 + -757?
-755
In base 15, what is 1 - -18?
19
In base 2, what is 